ors of u.
13
Suppose -3*o - 2 = -5*o, 28 = 3*s - 5*o. Let x = s + -5. List the prime factors of x.
2, 3
Suppose 0 = -2*d + 2*s + 8, -5*d + 3 = 3*s - 9. Suppose d*r + 0*p - 10 = -2*p, -25 = 5*r - 5*p. Suppose 0 = -r*y + 5*y - 35. List the prime factors of y.
7
Let i(v) = -4*v + 4 + 0*v + 0 + 3*v. What are the prime factors of i(-10)?
2, 7
Let s = 9 + -7. Suppose -s*a - a = -27. What are the prime factors of a?
3
Suppose 3 = -4*j - 5. Let p be (-66)/3*j - 0. Suppose p = 4*a + 4. What are the prime factors of a?
2, 5
Let p(i) = 3*i - 14 + 16*i**2 - i**3 + 0*i + 2. What are the prime factors of p(16)?
2, 3
Let a = 92 - 77. What are the prime factors of a?
3, 5
Let k be (-3)/(-1*(-3)/(-13)). Suppose 5*p + k = y, -2*y + 24 + 2 = 3*p. List the prime factors of y.
13
Suppose -2*a = a + 120. Let i = -20 - a. What are the prime factors of i?
2, 5
Suppose 1078 = -11*m + 4004. What are the prime factors of m?
2, 7, 19
Let p = 42 - -138. Suppose o - p = -4*o. List the prime factors of o.
2, 3
Let t = -216 + 512. List the prime factors of t.
2, 37
Let a(t) = -t**3 - 3*t**2 + 6*t + 1. Let h be a(-5). Let x = 29 - h. Suppose 0 = -n, 2*g - 2 = 2*n + x. What are the prime factors of g?
5
Let m(o) = 34*o**2 + o + 1. Suppose -w = -5*i - 9, 0 = -2*i - i - 6. Let y be m(w). Let g = y - 22. What are the prime factors of g?
2, 3
Let a be 2/(-4)*154/(-7). Suppose 0 = g + m + 2*m + a, 2*g - m - 13 = 0. What are the prime factors of g?
2
Suppose -33 = 18*v - 19*v. What are the prime factors of v?
3, 11
Suppose 54 = 4*q + 10. What are the prime factors of q?
11
Let i(k) = k**3 + 7*k**2 + 3*k + 4. Let a be i(-6). Let d = a + -8. What are the prime factors of d?
2, 7
Let r(f) = -f**3 + 11*f**2 + 7*f + 4. List the prime factors of r(11).
3
Let w = 66 - 18. List the prime factors of w.
2, 3
Suppose 0 = -3*p + b - 10, p - 4*b + 20 = -p. Let j be 15/p*(-4)/(-5). What are the prime factors of ((-42)/(-9))/(j/(-9))?
7
Suppose 4*l - 37 = -13. Suppose -o = -l*o + 80. What are the prime factors of o?
2
Let x(c) = 5*c**3 - 10*c**3 + 7*c**2 - 9 + 6*c**3 - 3*c. Let j = -4 + -3. List the prime factors of x(j).
2, 3
Suppose -8 = -3*q - q. What are the prime factors of 6 - (q + -2 + 1)?
5
Suppose 2*y + 2 = 3*c, -y - c = -5*c - 9. Let v(l) = l**2 + 8*l + 1. Let w be v(y). Let o = 13 + w. What are the prime factors of o?
7
Suppose -3*n + 2*i = -227, 3*i + 1 = 7. List the prime factors of n.
7, 11
Suppose -m = 4*l - 85, m - 3*l - 66 + 2 = 0. List the prime factors of m.
73
Let q(l) = -6*l + 3. Let m(n) = -n. Let c(p) = 5*m(p) - q(p). Let a be c(6). Suppose -2*v = 5*w + a - 26, 0 = -2*v + 2*w + 16. What are the prime factors of v?
3
Let y = 28 + -56. List the prime factors of y/7 + 35/1.
31
Suppose -1 - 5 = -2*v. What are the prime factors of (-8)/(-6) - (-2)/v?
2
Let t(m) = m**3 + 2*m**2 - 3*m - 3. Let b be t(-4). Let d = 7 - b. Suppose -5*f + 15 + d = 0. List the prime factors of f.
3
Let z = -48 + 86. Suppose h = -h + z. List the prime factors of h.
19
Suppose -18*s + 21*s = 111. List the prime factors of s.
37
Let v(p) = p - 5. Let u be v(8). Suppose -u*a = -4*a + q + 6, 2*a - q - 10 = 0. List the prime factors of a.
2
List the prime factors of (1 + 1 + -3)*(-76 - -1).
3, 5
Suppose -2*s - 6 = -14. Suppose s = l - 4. List the prime factors of (l/(-5))/((-4)/30).
2, 3
Let y(x) = x**3 - 8*x**2 + 7*x. Let d be y(7). What are the prime factors of 13*(1 + 1 + d)?
2, 13
Let f(k) = 6*k - 6. Let h be f(5). Let q = h - 16. What are the prime factors of q?
2
What are the prime factors of -2 - 2*(-38)/4?
17
Suppose -3*q + 2*q = 0. Suppose 5*m - 10 - 15 = q. List the prime factors of m.
5
Let i(u) = 2*u + 3. Suppose 2*h - 8 + 0 = 0. What are the prime factors of i(h)?
11
Let d(h) = 4*h - 5. Suppose 7*o = 4*o + 18. Suppose 24 = 2*z - 2*a + o*a, z - 4*a = -12. What are the prime factors of d(z)?
11
Let x be (6/(-12))/(1/2). What are the prime factors of -2*x/(-2) - -14?
13
Suppose 0 = -x + 4*t - 3, -4*x + t - 34 = x. Let p = 4 - x. List the prime factors of p.
11
Let l(s) = -8*s - 9. List the prime factors of l(-9).
3, 7
Let x(c) = c**2 + 4 - 2 - 1 - 3*c + 2. Let h be x(2). Let b = h - -4. List the prime factors of b.
5
Let a = 174 - 117. What are the prime factors of (a/(-9) + 0)*-3?
19
Suppose 3*y + 119 = 305. What are the prime factors of y?
2, 31
Let g(p) = -7*p - 5. List the prime factors of g(-5).
2, 3, 5
Let m(k) = 6*k - 4. Let s(i) = -6*i + 4. Let n(b) = -5*m(b) - 6*s(b). List the prime factors of n(6).
2
Suppose -5*x + 222 = x. List the prime factors of x.
37
List the prime factors of 6/(-9)*4/(16/(-198)).
3, 11
Suppose -3*m + 4*k = -6, 0 = -m - 3*m - k - 11. Suppose 2*y = 3*u - 2*y + 15, y = 3. What are the prime factors of 11*((u - m) + 0)?
11
Let f be (-10)/(-5) + (-13 - 1). Let a = f + 21. What are the prime factors of a?
3
Suppose -9*z - 46 = -11*z. List the prime factors of z.
23
Suppose y = 4 - 0. Suppose -y*h = -3*h - 31. What are the prime factors of h?
31
Let z be (1 + 11)/2*-1. Let n(m) = -2*m**2 - 5*m + 7. Let j be n(z). Let q = -23 - j. List the prime factors of q.
2, 3
Suppose -1 = -3*w - 4. Let g be (2 + -3)*(-13 + w). What are the prime factors of 116/g - (-4)/(-14)?
2
Let d be (1/(-2))/(7/14). What are the prime factors of ((-12)/10)/(d/30)?
2, 3
Suppose -6 = -4*d - 2. Let b = 11 + d. Suppose -32 = -4*x + 4*n, -3*x + n = -7*x + b. What are the prime factors of x?
2
Suppose 3*f - 69 + 18 = 0. List the prime factors of f.
17
Let i be (4 + -1 - 21)*-1. Suppose -5*x = 3*b - 127, i = 2*x - 3*b - 37. What are the prime factors of x?
2, 13
Let q be ((-2)/(-3))/(-2)*-21. Suppose -q*k + 10*k = 123. What are the prime factors of k?
41
Let j(u) = -5*u - 8 - u + 2*u**2 + 0*u. Let n be j(8). Suppose n = 4*v + 3*d, 0*v - 5*v - 2*d = -83. What are the prime factors of v?
3, 5
Suppose -4*d = -4*t + 24, 2 = -d - 1. Let j = t - -9. List the prime factors of j.
2, 3
What are the prime factors of (-18*1 + 3)*102/(-10)?
3, 17
Let o(n) = -n**2 + 7*n. Let p be o(5). Suppose 0 = v - 6*v + p. Suppose -5*a = -2*b + 5, -a + 4*a = b - v. List the prime factors of b.
5
Let f = -13 - -7. Let h(w) = -w - 4. Let z be h(f). Suppose -11 - 11 = -z*d. List the prime factors of d.
11
Let i(m) be the second derivative of m**4/12 + 2*m**3/3 - m**2/2 - m. What are the prime factors of i(-5)?
2
Suppose 2*q + 5*r + 3 = q, 0 = 2*q + 3*r + 34. Let n = 24 - q. Suppose 3*l - 5*a - n = -l, 0 = l - 3*a - 3. List the prime factors of l.
2, 3
Let y = -11 + 13. Suppose y*l - 30 = -2*a, a - 9 = -3*l + 14. What are the prime factors of a?
11
Suppose 6 = -3*f, -4*b + 10 + 16 = 5*f. Suppose 2*k = -5*g + b, -2*k + 4*g + 22 = -14. List the prime factors of k.
2, 3
Suppose -5*b = 5*h - 505, -2*b + 4*h + 523 = 3*b. What are the prime factors of b?
103
Let o be (6 - 3 - 3) + 2. Suppose -q = -o*p - 0*p + 80, 0 = -2*q + 4. List the prime factors of p.
41
Let r(n) = -n**2 + 10. What are the prime factors of r(0)?
2, 5
Let o be (-1)/(-2)*(-2)/(-1). Let j(n) = -3*n + 1. Let c be j(o). Let x = 11 + c. What are the prime factors of x?
3
What are the prime factors of (218/4)/(-5*(-1)/10)?
109
Let m(s) = -s**3 + 15*s**2 + 22*s - 10. List the prime factors of m(15).
2, 5
Let c be 1*(-39)/6*-2. Suppose -v - c = -2*v. List the prime factors of v.
13
Let i(f) = f**3 + 8*f**2 - 5*f + 4. Let r be i(-6). Let n = r + -75. What are the prime factors of n?
31
Let k(q) = 5*q - 7. Let c(a) = -2*a + 2. Let d(n) = 8*c(n) + 3*k(n). What are the prime factors of d(-8)?
3
Let l be -2*(-3)/(-12)*-4. Suppose l = j - 0. What are the prime factors of -1 + 42/(5 - j)?
13
Let t(i) = -i**3 - 4*i**2 + 6*i + 10. List the prime factors of t(-9).
19
Let b(p) = 6*p - 3. Suppose 2*c = 6*c. Suppose 0*s + s - 2 = c. List the prime factors of b(s).
3
Let i = -14 - -70. Let f be (-1)/((-404)/136 + 3). Let b = i + f. What are the prime factors of b?
2, 11
Suppose -c - 5*s = -31, 3*s = 2*c - 14 + 17. List the prime factors of c.
2, 3
Let q = -6 + 11. Suppose 0 = -m + q*m. Suppose m = -c + 8 + 4. List the prime factors of c.
2, 3
Let t(y) = y - 8. What are the prime factors of t(12)?
2
What are the prime factors of (2/6)/(0 - (-2)/366)?
61
Let r(j) = -19*j + 20. List the prime factors of r(-6).
2, 67
Let q(n) = n**3 - 12*n**2 - 17*n + 12. Let r be q(13). Let y = r + 62. What 